?
3
Let v(o) = -31*o + 42. What is the hundreds digit of v(-10)?
3
Suppose -3*u - 3 = 3*n, 0 = -4*n - 5*u - 0 - 8. Suppose -5*j + 8 + 22 = n*q, 0 = -2*j + 3*q + 12. What is the units digit of j?
6
Let a(k) = k - 2. Let b be a(0). What is the units digit of b/(1 + 39/(-33))?
1
Let d(q) = 3*q**2 - 2*q - 10. Let c = 2 + 3. What is the tens digit of d(c)?
5
Let x be 4/18 - 2/9. Suppose x*t + 3*t - 47 = o, 43 = 2*t - 3*o. What is the units digit of t?
4
Let r(t) = 1 + 9*t**2 + 5 + t**3 + 2. Let o be (-34)/4 - 1/2. What is the units digit of r(o)?
8
Let p = -81 + 153. What is the units digit of p?
2
Let g = 86 + -29. Suppose g = -m + 4*m. What is the tens digit of m?
1
What is the units digit of (-5)/2*56/(-20)?
7
Let i = -5 - -9. Suppose -a + 25 = i*a. What is the units digit of a?
5
Let l = 11 + -9. Suppose -3*q = -l*q - 26. What is the tens digit of q?
2
Suppose 2*y + 121 = 3*r - 0*y, 0 = 3*y + 6. What is the units digit of r?
9
Let g(c) = -7*c - 5. Let d be g(-2). Suppose 4*p - d = -1. What is the units digit of p?
2
Let b be (-2)/(-9) + 196/9. Suppose 0 = -4*z - 4*z + 48. Suppose -g + b = z. What is the tens digit of g?
1
Suppose -c + 5 = 0, 20 = 5*u + 2*c - 0*c. Let f be u/(-6)*(-2 + 5). Let b = f - -2. What is the units digit of b?
1
Let p(c) be the third derivative of 0 - 1/60*c**5 + 0*c + 2*c**2 - 7/6*c**3 - 3/8*c**4. What is the units digit of p(-7)?
7
Let y be (18 - (1 + -1)) + -2. Suppose -39 + 0 = -3*d - 3*c, 0 = 2*d - 3*c - y. What is the tens digit of d?
1
Suppose -2*z + 3*o = z + 15, 5*o = -10. Let i = 13 + z. What is the units digit of i?
6
Let h(k) = -k + 1. Let y be h(1). Suppose y = w - 6 - 1. What is the units digit of w?
7
Let a be (-2)/6 - (-231)/(-9). Suppose 5*i = -c - 14 - 0, 3*c - 5*i - 38 = 0. What is the tens digit of a*(c/4)/(-3)?
1
Let t = -45 + 120. What is the units digit of t?
5
Suppose -3*u - 2*u = r + 17, 4*u + 18 = -3*r. Let j = u + 7. What is the units digit of j?
4
Let m be ((-116)/(-8))/(2/(-4)). Let u = 40 + m. Suppose 1 - u = -c. What is the units digit of c?
0
Suppose 3*b = i + 8*b + 25, -b = 4*i + 43. Let z = 9 - i. What is the tens digit of z?
1
Suppose -2*p = 6*p - 872. What is the hundreds digit of p?
1
Let i = 40 + -37. What is the units digit of i?
3
Let i be 4/(-2)*3/(-6). Let r be 0 + i + (-4 - -9). What is the units digit of -4 + r + (-14)/(-1)?
6
Suppose 3*h + 0*g - 23 = -g, -3*h - 4*g = -38. Let j = h - -4. What is the tens digit of j?
1
Let h(g) = -g**3 - g + 29. What is the units digit of h(0)?
9
Let y(x) = x**2 + 4. Let t be y(3). Suppose l - t = -0*l. What is the tens digit of l?
1
Let h(s) = 3*s - 6. Let g be h(4). What is the tens digit of (4/g)/(14/609)?
2
Suppose -2*a - 7 = -4*v + 3*a, 0 = v + 3*a - 6. Suppose -v = -o + 5. What is the units digit of o?
8
Let v(a) = -a**2 + a - 1. Let k(b) = 5*b**2 - 5*b + 4. Let m(d) = -2*k(d) - 11*v(d). What is the units digit of m(-2)?
9
Let i(h) = h + 19. What is the units digit of i(0)?
9
Let o(s) be the third derivative of -s**6/120 - s**5/12 + s**4/4 + 5*s**3/6 + 3*s**2. What is the units digit of o(-6)?
5
Suppose 2*b = b + 5*p + 83, -4*b = -4*p - 316. What is the units digit of b?
8
Suppose 0 = 3*q - 5*q + 28. What is the units digit of q?
4
Let t = 427 + -236. What is the tens digit of t?
9
Suppose 0 - 3 = l. Let s(z) = z**2 - z - 3. What is the units digit of s(l)?
9
What is the tens digit of (-5 - -7) + 8*11?
9
Let t(v) = v + 5*v - 3*v - 5*v. What is the units digit of t(-3)?
6
Suppose -4*l = 0, 3*l + 0*l = -3*v + 456. Suppose -v = -6*t + 2*t. What is the tens digit of t?
3
Let k(s) = 5*s**3 - s**2. Suppose -4 = -4*w - 0*w. Let g be k(w). Let i = g + 6. What is the units digit of i?
0
Let z(d) = -d - 3. Let j be z(-4). Let i(o) be the second derivative of 2*o**3/3 + o**2/2 + 5*o. What is the units digit of i(j)?
5
Suppose 3*r - a = 19, 3*r + 2*a - 17 = a. What is the units digit of r?
6
Let u(q) be the second derivative of q**4/12 + 4*q**3/3 - 2*q**2 + 2*q. What is the units digit of u(-9)?
5
Let m(a) = -5*a + 2. Let i(r) = -4*r + 2. Let l(j) = j + 2. Let c be l(-5). Let k(n) = c*m(n) + 4*i(n). What is the units digit of k(-5)?
7
Let r = 42 + -25. What is the tens digit of r?
1
Suppose -36 = g - 4*g. Suppose -g = -4*j + 36. What is the tens digit of j?
1
Let i(h) = h**3 - 5*h**2 + 3*h - 6. Suppose 25 = 3*j + 2*j. Suppose 0*b = -b + j. What is the units digit of i(b)?
9
Let k be (-1)/1 - (-51)/(-3). Let v = -5 - k. What is the tens digit of v?
1
Suppose 5*v = a + 4*a - 15, -a + 3*v + 9 = 0. Suppose -4*u + 12 + 64 = a. What is the tens digit of u?
1
Let l(q) = 8*q**2 - 3. What is the hundreds digit of l(-4)?
1
Let o = -35 - -204. What is the tens digit of o?
6
Let y = 4 + 8. What is the units digit of y?
2
Suppose 4*w - 3*h - 68 + 13 = 0, -w + 5*h + 35 = 0. What is the tens digit of w?
1
Let v be 0*((-4)/2)/4. What is the units digit of (-1)/(2/(-10) - v)?
5
Let s(i) = i**3 - 8*i**2 - 9*i - 12. What is the units digit of s(10)?
8
Let u(d) = 2*d. Let a be u(0). Suppose a = -2*w - 3*w + 4*s + 129, -s - 1 = 0. What is the tens digit of w?
2
Let g = 16 - 12. Suppose 54 = -4*m + 6*m - 2*c, -g*c = 5*m - 99. What is the tens digit of m?
2
Let i be 1 - (-36 - (-3 - -2)). Let h = -26 + 31. Suppose h*w = w + i. What is the units digit of w?
9
Suppose 0 = 4*n + n + 25, -280 = -5*b - n. What is the tens digit of b?
5
Let f(s) be the third derivative of -s**2 + 0*s + 1/24*s**4 + 0*s**3 + 0. What is the units digit of f(7)?
7
Let h(x) be the third derivative of -x**4/12 - 5*x**3/3 - 5*x**2. What is the units digit of h(-7)?
4
Suppose -z = -4*k + 8, 2*z - 11 = -k - 0*k. Let b(y) = y**2 - y - 1. What is the units digit of b(k)?
5
Suppose 5*a = 5*w + 450, -3*a - 94 + 334 = 3*w. What is the tens digit of a?
8
Let u(z) = z**2 - z - 5. Let w be u(5). Suppose -w*j + 18*j - 54 = 0. What is the units digit of j?
8
Let o be 3 + -2 + (-1 - 0). Suppose -3*r = -o*r - 30. What is the units digit of 66/r - (-2)/5?
7
Let b(o) = 4*o - 7. Let a(j) = -3*j + 6. Let k(m) = -3*a(m) - 2*b(m). Let i(x) = -x**3 + 16*x**2 + 18*x - 10. Let v be i(17). What is the units digit of k(v)?
3
Let d(y) = 4*y**2 - 7*y - 5. What is the hundreds digit of d(-6)?
1
Let a = -2 - -1. Let u = -1 + a. What is the units digit of (-1)/2*u*1?
1
Let b(w) = -3 + 3*w + 4*w + 3 + 2. What is the units digit of b(1)?
9
Let f(w) = -5*w - 3. What is the tens digit of f(-6)?
2
Let t(d) be the third derivative of -d**4/8 + d**3/6 - d**2. What is the units digit of t(-8)?
5
Suppose j = 10 + 29. What is the tens digit of j?
3
Let d(l) = 4*l**2 - l - 1. Suppose -s + 6*s = 10. Let i(a) = -21*a**2 + 5*a + 6. Let p(n) = s*i(n) + 11*d(n). What is the units digit of p(1)?
2
Suppose -5*s = -3*f - 478, -472 = -6*s + s - 3*f. What is the tens digit of s?
9
Let x be 2/(-10) - (-486)/5. Suppose x = 4*b - 71. What is the tens digit of b?
4
What is the hundreds digit of ((-14)/(-35))/(1/(-780)*-2)?
1
Let w(x) = -x**3 + 3*x**2 + 5*x - 2. Let y be w(4). Suppose -7*k + 5*l + 138 = -4*k, -4*k - y*l = -158. What is the tens digit of k?
4
Suppose -3*y - 2 = -4*y, 3*y = 5*i + 26. Let c = 0 - i. Suppose c*g - 6 = 10. What is the units digit of g?
4
Suppose -126 = -9*j + 6*j. What is the tens digit of j?
4
Let g be (-2 + 3/(-9))*-3. Let u = 8 - g. What is the units digit of u?
1
Let k(c) = -c**3 - 7*c**2 - 8*c. What is the tens digit of k(-6)?
1
Suppose -5*x = -5*u - 700, u + 107 = 2*x - 171. What is the tens digit of x?
3
What is the tens digit of (-2 - -38) + 3 - -3?
4
Suppose 4*p - 209 - 111 = 0. Suppose -2*c + 4*q = -p, 0 = 3*q - 7 + 4. What is the tens digit of c?
4
Suppose y - 1 = 12. Suppose -37 - y = -2*v. Suppose -3*p = 9, -v = -2*l - 0*l - 5*p. What is the tens digit of l?
2
Suppose -5*q + 8*q = 114. What is the tens digit of q?
3
Let j be (-4)/18 - (-4)/18. Suppose j = h - 4*h + 33. What is the units digit of h?
1
Let v be ((-4)/(-2))/(10/15). Suppose 2*p = v*s + 11, 2*s + s = -4*p + 49. What is the units digit of p?
0
Let q(d) = -2*d - 3. Let h(j) = 14*j + 1. Let v(z) = -5*z. Let i(t) = -3*h(t) - 8*v(t). Let k(a) = 6*i(a) - 5*q(a). What is the units digit of k(-4)?
5
Suppose 2*n + 3*n - 95 = 0. What is the units digit of n?
9
Suppose -s + 6 = 2*s. Suppose i = s*i + 8. Let c(u) = -u**2 - 9*u + 3. What is the units digit of c